
9
Let o(b) = -b + 1. Let a be o(-5). Let w = -18 - -21. Suppose 8 - 53 = -w*d. Calculate the highest common divisor of d and a.
3
Suppose 0 = 9*n - 785 - 97. Suppose 0 = 5*o - n - 42. What is the highest common factor of o and 42?
14
Let w be (1320/(-2970))/((-2)/216). Let c be (-2)/8 - (-75)/12. Calculate the highest common factor of c and w.
6
Let d = -239 + 592. Suppose -3*h + d = 17. What is the highest common factor of h and 64?
16
Let j(z) = 381*z - 2081. Let u be j(6). Calculate the highest common divisor of 164 and u.
41
Suppose 0 = 21*a - 1933 - 6761. What is the highest common factor of 36 and a?
18
Let x = -2991 - -3173. Calculate the highest common divisor of 28 and x.
14
Let l = 1853 - 1827. What is the greatest common factor of l and 1261?
13
Suppose 17*v - 32 = 9*v. Suppose 20*z = 22*z - v, 0 = 5*o - 5*z - 80. Let i = 188 + -98. Calculate the highest common divisor of i and o.
18
Let h(q) = 8*q + 3. Let s be h(4). Suppose -26*v = 76*v. Let o(u) = -u**3 + 315. Let a be o(v). What is the highest common factor of a and s?
35
Let s = 13 + 19. Suppose -33*p = -s*p + 50. Let k = -24 - p. Calculate the greatest common divisor of 65 and k.
13
Let f = -820 - -830. Let m be ((-80)/25)/((-2)/f). What is the greatest common divisor of m and 2?
2
Suppose -700 = -2*b + 4*g, 45*g = 2*b + 44*g - 697. What is the greatest common divisor of b and 108?
12
Let q be 27*(-44)/30*70/(-14). Calculate the greatest common divisor of 1518 and q.
66
Let a be (-67)/(201/(-30672))*14/6. What is the greatest common divisor of a and 14?
14
Let a be (-24)/6*(-6)/3. Suppose f + a = 13. Calculate the greatest common factor of 130 and f.
5
Let q be (15/(-10))/(2/(2480/15)). Let t = q + 148. Calculate the highest common factor of 216 and t.
24
Let x(f) = 18*f. Let p be x(1). Suppose 2*t - 2 = 4*k, -5*k = 4*t + 32 + 29. Let m be (-36)/((36/8)/t). What is the greatest common divisor of p and m?
18
Let h be (-11888)/(-11) - (1960/154 + -13). Calculate the highest common factor of 69 and h.
23
Let g be (7 + 531)*(1/2 + 0). Let s = 449 - g. Calculate the greatest common factor of s and 9.
9
Let o = -250 - -342. Suppose -97*l = -o*l - 490. What is the highest common divisor of 42 and l?
14
Suppose 0 = 37*i + 3 - 40. Let p(r) = 71*r + 1. Let o be p(i). What is the highest common factor of o and 90?
18
Let w be 1714 - (-10 + (-1)/(-1) + -163 + 171). What is the greatest common divisor of 420 and w?
35
Let z(r) = 203*r**2 - 204*r**2 - 24 + 13*r + 3*r - 14. Let d be z(13). What is the highest common divisor of d and 13?
1
Let l be -9*(-6)/297 - 35394/(-22). Suppose -l + 520 = -9*g. What is the highest common divisor of 11 and g?
11
Let p be (-172)/(-22) - 4/(-22). Suppose -p*n + 72 = -4*n. Let q(a) = 8*a**2 + 188*a - 51. Let o be q(-24). What is the greatest common factor of n and o?
9
Suppose -5*o = 2*h + 350, 2*o - 3*o = -4*h - 744. Let m = h + 225. Calculate the greatest common factor of 40 and m.
40
Let p(c) = 130*c - 26. Suppose -83*m = -99*m + 48. Let t be p(m). Calculate the highest common divisor of 28 and t.
28
Let p be (-4416)/(-21) + 4/(-14) + (-96)/48. Calculate the greatest common divisor of 650 and p.
26
Suppose -46 = -2*c + c. Suppose -419 = -t + 54. Suppose -1439 = -3*r - t. Calculate the highest common divisor of r and c.
46
Suppose -4*t - 104 + 168 = 0. Suppose -21*l + t = -5*l. What is the greatest common factor of l and 8?
1
Suppose 5497*g = 5501*g - 252. Calculate the highest common factor of g and 5103.
63
Let v = 1853 - 1817. Calculate the highest common divisor of v and 1314.
18
Let o(h) = -h**2 + 37 - 6*h - 13*h + 0 + 25. Let z be o(-19). Calculate the highest common divisor of 558 and z.
62
Suppose 13*l + 17227 = 44956. What is the highest common factor of 158 and l?
79
Let q(z) = 50*z - 2011. Let j be q(41). What is the greatest common factor of j and 243?
3
Let q be (-775217)/(-204) + -24 - (-1)/(-12). Calculate the highest common divisor of q and 118.
118
Suppose -5*j - h + 38 = 0, 2*j + 2*h = 3*h + 18. Suppose 0 = -5*n - 3*w + 348, w = n + 6*w - 52. What is the greatest common factor of j and n?
8
Let r be 4 + -10 + 7 - (-1 + -2). Let m be (r + -116)/((-4)/18). Calculate the greatest common divisor of 28 and m.
28
Let m be (-21)/(-2) - (-8 + 1)/14. Suppose -m = -4*p + 1, 5*r - 4*p - 353 = 0. What is the greatest common factor of r and 511?
73
Let n(h) = -3*h**3 + 50*h**2 + 15*h - 16. Let b be n(16). What is the highest common factor of 414 and b?
46
Let o(c) = -37*c - 36. Let t be o(-1). Let g be 6860/45 - (t + 20/(-36)). Calculate the greatest common divisor of g and 16.
8
Let c(v) = 9*v**2 - 111*v + 26. Let t be c(13). Calculate the highest common factor of t and 2132.
52
Let b = 139919 + -76959. What is the greatest common factor of b and 80?
80
Let x(m) = -28 - 33 + 28*m**2 - 25*m**2 - 10*m + 39. Let t be x(-3). What is the highest common factor of t and 15?
5
Let o be (-7)/(28/(-16))*2. Let x = 7 + -6. Let g be (-86)/(x/(-1)) - -2. Calculate the highest common divisor of g and o.
8
Let b = 915 + -913. Suppose -4*d + b*d + 72 = 0. Calculate the highest common factor of d and 42.
6
Let a(g) = 1163*g - 683. Let r be a(1). What is the greatest common factor of 608 and r?
32
Suppose -3*b + 7*b + 3*x = -15, -45 = 5*b - 5*x. Let m be (-292)/(-20) - b/(-10). Suppose -4*w - m + 22 = 0. What is the highest common factor of 14 and w?
2
Let p be (-11)/((-165)/(-1308))*5. Let x = p + 820. What is the highest common factor of 24 and x?
24
Suppose 4*i - 2903 = -5*v, 3*v - 4*i = 2*v + 571. Let t = v - 475. What is the highest common factor of t and 78?
26
Let r = -766 + 85. Let w = -676 - r. Let f be 4/(-3)*(-6)/4. Calculate the highest common divisor of w and f.
1
Suppose 3980 = 5*q - 210. Suppose q = 7*j - 4034. Calculate the highest common factor of j and 24.
24
Let o be (0 - 3) + 21/3. Let a(j) = -218*j - 5594. Let l be a(-27). Calculate the greatest common divisor of l and o.
4
Suppose 2*f - 73 = -r - f, -3*f - 109 = -r. What is the greatest common divisor of 644 and r?
7
Let u(b) = -5*b**2 - 3*b + 1. Let j(d) = 36*d**2 + 21*d - 6. Let p(t) = 4*j(t) + 27*u(t). Let i be p(-2). Calculate the highest common factor of i and 143.
11
Let i be 96 + -30 + -16 + 0. What is the highest common factor of i and 74?
2
Let i(p) = 24*p**2 - 283*p + 15. Let b be i(17). Calculate the highest common divisor of b and 200.
20
Suppose 4*b - 44 = 2*b. Let z = -114 + 109. Let y be ((z - -7) + 42)*(-1)/(-4). Calculate the highest common factor of b and y.
11
Let k be (190 - -4) + -2*(-1 - 3/2). Calculate the greatest common factor of k and 3184.
199
Suppose 224 + 226 = 50*z. Suppose 7*u - z*u + 67 = -c, 3*u - 133 = -5*c. Let s = -8 - -12. What is the highest common divisor of s and u?
4
Let x(f) = f**3 - 126*f**2 - 97*f - 1405. Let z be x(127). What is the greatest common factor of 1295 and z?
185
Let b be (99/44)/(2/712). Suppose -3*m + b = 3*x, 5*m + 0*m = 3*x - 785. What is the highest common factor of 106 and x?
53
Suppose 27*w = 24*w. Suppose w = 7*c - 107 + 37. Let s = 31 - c. What is the highest common factor of s and 7?
7
Let c = 278 + -272. Let p be 4991/93 - (-2)/c. Calculate the highest common factor of 297 and p.
27
Suppose 77*u = 12498 + 6521. What is the highest common factor of u and 152?
19
Suppose 2*g = -4 + 8. Let m = -2016 + 2020. Suppose -g*x + 0*z + m*z = -44, -138 = -4*x - 2*z. What is the greatest common factor of x and 80?
16
Let r(c) = 265*c**2 - 36*c - 37. Let g be r(-1). Calculate the highest common factor of 48 and g.
24
Suppose 0 = -3*i + 7*b - 8*b + 45, -4*b = -4*i + 76. Let g(f) = -f**2 + 17*f - 3. Let r be g(i). Calculate the highest common divisor of 143 and r.
13
Let k = 37 - 14. Let j = k + 5. Suppose 1 - 37 = -9*n. Calculate the highest common factor of n and j.
4
Suppose -290*b = -327*b + 48507. What is the greatest common factor of b and 171?
57
Suppose 515 = 4*s + 463. Suppose 0 = -s*d - 3*d + 1728. What is the greatest common divisor of d and 60?
12
Suppose 155 = 4*h + 3*t, -3*t = -2*h - 3*h + 214. Suppose -48*w + 2810 = -18838. What is the highest common divisor of w and h?
41
Let m = -5374 + 6344. Calculate the greatest common divisor of m and 10.
10
Let i be (-354)/((-6900)/255 + 27). Calculate the highest common divisor of i a